
Let f = -118 + 126. Let x(b) = b**3 - 9*b**2 + 8*b + 11. What is x(f)?
11
Let w(s) = -s**3 - 3*s**2 + s - 5. Let a(l) = l**3 - 11*l**2 + 9*l + 6. Let k = -42 - -52. Let f be a(k). Calculate w(f).
7
Suppose 6*v - 5 - 7 = 0. Suppose -v*x + 3*n = 0, -46 = -5*x - 3*n - n. Suppose 2*i = 4, -x*i = -d - i - 5. Let h(l) = l**2 - 3*l - 6. Calculate h(d).
4
Let g(u) be the second derivative of u**4/12 + u**3/6 - u. Let k(t) = -t**2 + 11*t + 7. Let d be k(11). Suppose 8*w = -d - 9. What is g(w)?
2
Let i(w) be the second derivative of w**5/20 - 5*w**4/12 + w**3/6 - 5*w**2/2 - w. Let n(c) = -7*c + 11. Let b be n(1). Suppose -b*h + 50 = 6*h. Calculate i(h).
0
Let k(x) = -22*x**3 - x. Let d(c) = 45*c**3 + 2*c. Let q(i) = 2*d(i) + 5*k(i). Determine q(-1).
21
Let c(n) be the first derivative of n**2/2 + 4*n + 45. What is c(-6)?
-2
Let y(b) = b**3 + 9*b**2 + 8*b + 10. Let l = 85 - 76. Let z = -17 + l. Calculate y(z).
10
Let s(j) = 8*j + 6 + 19*j**2 + j**3 - 8*j**2 - 5*j**2. Give s(-5).
-9
Suppose -a - 24 = 2*q - 3*q, a = -2. Suppose -5*r + q = 2. Let c(h) = -h**2 + h + 3. Give c(r).
-9
Let v(d) be the third derivative of -d**4/12 + d**3 + 13*d**2 + 7*d. Determine v(2).
2
Suppose -22*k + 33 = -11*k. Let q(u) be the third derivative of 0*u + 0 + 1/3*u**k + 1/120*u**6 - 1/10*u**5 + 8*u**2 + 1/12*u**4. Determine q(5).
-13
Let j be -17 + 4/(-12)*0. Let i = j - -12. Let y(z) = -2*z - 5. Give y(i).
5
Let f(y) = -y**2 - 4*y - 4. Suppose 56 = 2*w - 4*v + 234, 3*w - v + 262 = 0. Let d = w + 83. What is f(d)?
-4
Let g(m) be the third derivative of -m**4/24 + 5*m**3/6 + 796*m**2. Let y = -5 + 4. Let b = -1 - y. Determine g(b).
5
Let w(y) = 4*y**3 + y**2 - y. Suppose -2*b = 2*h + 8, -4*h - 9 = 5*b + 11. Suppose -5*d = -0*d - 20, -r + 3*d - 8 = h. Let p be r/(-6) + (-45)/(-27). Give w(p).
4
Let x(u) = 2*u - 1. Let q(m) = m - 1. Let h(n) = 7*q(n) - 3*x(n). Suppose 4*t - 6 = 10. Determine h(t).
0
Let n(q) be the first derivative of q**4/4 + 8*q**3/3 - 13*q**2/2 - 13*q - 219. Calculate n(-9).
23
Suppose 3*m = m + 8, 0 = 5*h + 3*m - 37. Suppose -h*v = -v. Let w(j) = -j + 3. Calculate w(v).
3
Let v(o) = -2*o**2 - 2. Suppose -19*b + 92 = 4*b. Give v(b).
-34
Let o(r) = -13*r**3 - r**2 + r. Let k = 445 - 444. Give o(k).
-13
Let c(n) = 2*n**2 + 14*n + 15. Let b be c(-6). Let p(t) = t + 1. Determine p(b).
4
Let s(t) = -t**3 - t**2 + 4*t. Let a = 83 - 34. Let z = a + -52. Calculate s(z).
6
Let o(t) = 3*t + 23. Let l(m) = -6*m - 40. Let q(k) = -4*l(k) - 7*o(k). Let f = -15 - -21. Let a = f - 4. Calculate q(a).
5
Let p(b) = -b**2 + 20*b - 77. Let l be p(5). Let a(n) = 3*n**2 - 1. Let h(y) = 6*y**2 - 2. Let x(v) = -7*a(v) + 4*h(v). Give x(l).
11
Let k(a) = -26*a**2 + 1. Suppose -1246 + 1253 = 7*z. Determine k(z).
-25
Let m = -48 - -44. Let p(t) = -t - 4. Let q be 3*3*(-10)/(-15). Let j(z) = -z - 3. Let c(k) = q*p(k) - 5*j(k). Give c(m).
-5
Let c(y) be the second derivative of 1/3*y**3 + 0 - y**2 - 9*y. What is c(2)?
2
Let o(g) = g**2 + 1 - 3 + 2*g + 0. Suppose 4*j - 6*s + 46 = 0, 3*j - 42 + 29 = -5*s. Determine o(j).
6
Suppose -2*j = 4*n + j - 36, -j = -5*n + 64. Suppose -18 = -n*a + 9*a. Let u(b) = b - b - a*b + 1. Determine u(-1).
7
Let b(g) = 3*g + 1. Let h(c) = 2. Let t(n) = b(n) - 3*h(n). Determine t(8).
19
Let a(c) = -4*c - 2*c + 2*c + 5*c. Let l = -10 - -11. Let j be l/1 + 0 - -3. Determine a(j).
4
Let w(z) = -8*z + z + 3*z + 8 + 4 + 11. Determine w(7).
-5
Let t(q) = q - 3. Let x be t(5). Let b(j) = -x*j**2 + 5*j**2 + 5 - 5. Suppose 2 + 0 = -2*u. Determine b(u).
3
Let i(g) = -119*g + 61*g + 60*g - 4. Calculate i(7).
10
Let q be 48/16 + (0 - 1). Let j(v) be the first derivative of v**5/30 - v**4/24 + v**3/3 - v**2 + 5. Let y(c) be the second derivative of j(c). Calculate y(q).
8
Let n(y) be the second derivative of -y**4/12 - 23*y**3/6 - 33*y**2 - 361*y. Give n(-20).
-6
Let f be 3/6 - 72/(-16). Suppose 0 = -0*t - 3*t - 4*l - 4, -4*t + 5 = -f*l. Let n(s) = -s - 1. Calculate n(t).
-1
Let u = -1142 + 1145. Let i be (1*2)/(2/3). Let x(r) = -i*r - r + r. What is x(u)?
-9
Let i be -1 + (22/(-6) - 5/15). Let f(n) = 3*n**3 - 9*n**2 + 4*n + 3. Let h(d) = d**3 - d**2 + d. Let q(l) = f(l) - 4*h(l). Calculate q(i).
3
Let x(f) = 2*f**2 + f + 4. Let i(l) = 3*l**2 + 2*l + 5. Let j(n) = 8*i(n) - 11*x(n). Determine j(-7).
59
Let n(f) = 7 + 6 + f - 8. Let x be n(-3). Let v(d) = -8 + 6*d**x - d**3 + 21 - 10 - 5*d + 0*d**3. Give v(5).
3
Let f(v) = -215*v + 7*v**2 + 100*v + 108*v + 1 + v**3. Let q = -7 - 1. Calculate f(q).
-7
Let c(h) = -6*h + 11 + 0 - 2 - 785*h**2 + h**3 + 780*h**2. Determine c(7).
65
Let u(l) = 9*l**2 + 11*l - 19. Let r(m) = 5*m**2 + 6*m - 10. Let p(o) = 7*r(o) - 4*u(o). Let d(n) = -68*n - 209. Let h be d(-3). Calculate p(h).
-9
Let f(o) = 9*o + 9. Let r(k) = 17*k + 16. Let c(z) = -7*f(z) + 4*r(z). Suppose -3*a + 8 = a. Let v = -4 + a. Give c(v).
-9
Suppose 0 = -7*w - 66 + 73. Let v(d) = -18*d**3 + d. Determine v(w).
-17
Suppose 0 = -g + 5, 0 = 5*p - 44*g + 39*g. Let u(y) = -y**2 + 3*y + 12. What is u(p)?
2
Let k(x) = -15*x**2 - 29*x - 12. Let a(u) = -7*u**2 - 14*u - 6. Let j(z) = 13*a(z) - 6*k(z). Calculate j(-6).
6
Let x(t) be the first derivative of t**3/3 + 3*t**2/2 + 2*t + 6. Suppose -2*r + 97 = -7. Let g be r/(-14) - (-2)/(-7). Calculate x(g).
6
Let t be (-910)/(-150) + (-1)/15. Let h(o) = -o**2 + 9*o + 10. Determine h(t).
28
Let g(s) be the third derivative of -s**4/8 + 4*s**3/3 + 8*s**2 - s. Give g(6).
-10
Let d(f) = -13*f + 7*f - f**2 - 9*f + 3 - 23. Determine d(-13).
6
Let w(d) be the first derivative of -5*d**2/2 - 64*d + 191. Give w(-13).
1
Let v be 8/40 - (-9)/5. Let x(u) = u - 17 - u**3 - u + 21 + v*u**2 + u. Calculate x(3).
-2
Suppose 16 = -2*r + 3*j, -26 = 5*r - 0*j - 4*j. Let f(u) = -14*u + 3. Determine f(r).
31
Let t(y) be the third derivative of y**8/6720 - y**7/1260 - y**6/720 + y**4/12 + 7*y**2. Let p(i) be the second derivative of t(i). Determine p(3).
6
Let j be 4 + -3 + 3 + -2. Suppose -j*m + 84 - 72 = 0. Let w(s) = -3 + s**2 - 2*s**2 + 5 + 5*s. Calculate w(m).
-4
Let m(j) = 2*j**2 - 10*j - 6. Suppose 70*d = 84*d - 70. Give m(d).
-6
Let u(f) = 35*f**3 - 48*f**3 + 4*f**2 + 12*f**3 + 9*f - 7. Suppose -3*b + 1 + 17 = 0. Give u(b).
-25
Let v(s) = s + 2 + 22*s**2 + 0*s**3 + 0 + 26*s**2 - 56*s**2 + s**3. Let t(l) = l**2 - 4*l + 3. Let m be t(5). Calculate v(m).
10
Let y(p) = 2*p - 15. Let v be y(6). Let c be -2*(-2 + 0 - v). Let b(x) = 2*x**3 - x**2 - 4*x - 3. Determine b(c).
-15
Let k(h) = 6*h**3 + 0 + 6 + 0 - 2*h**3 - 5*h**3 + h. Let r = 2 + -2. Determine k(r).
6
Let p(m) = -3*m**3 - 7*m**2 + 11*m - 15. Let t(x) = -5*x**3 - 6*x**2 + 12*x - 16. Let s(q) = 3*p(q) - 2*t(q). Determine s(8).
-5
Let m(c) be the second derivative of -c**5/20 - 7*c**4/12 + c**3/3 - 3*c**2/2 - 339*c. Calculate m(-7).
-17
Suppose -3 = -3*q - 0*q. Let t(n) be the first derivative of -11*n**4/24 - n**3/6 - 9*n**2/2 + 7. Let r(z) be the second derivative of t(z). Give r(q).
-12
Let w = 10 + -16. Let q(r) = r + 6. Let l be q(w). Let t(c) = 0*c**3 + c**3 - 3*c - 3 + 0*c**3 + l*c. Give t(-2).
-5
Let l(j) = -2*j**3 + j**2 + 2*j + 1. Suppose 0 = 4*b + t + 249, 0*t = 4*b + 5*t + 253. Let x = b + 61. Determine l(x).
2
Let d(c) be the first derivative of c**3/3 + 3*c**2/2 - 3*c + 62. Calculate d(-3).
-3
Let y(h) = h**2 - 5*h + 7. Let s = -3 + 7. Suppose s*q - 22 = -0*q + d, -q = 3*d + 1. Calculate y(q).
7
Let p(g) = -g - 2*g - 234107 + 234098. Determine p(9).
-36
Let i be (-2)/(39/(-9) + 4). Let j(f) = f - 4. Let p be j(i). Let y(n) = -24*n**p - 4 - 6*n + 25*n**2 + 3*n. Give y(4).
0
Suppose -3*x - 14 = -20. Suppose 6*p - 10 = x. Let h(v) = -7*v**p + 6 - 8*v + v**3 + v + 7*v. Calculate h(7).
6
Let y(k) = -k**2 + 6*k - 6. Let v be y(3). Suppose b + 0 = v. Let o(p) = -2*p + 2. What is o(b)?
-4
Suppose -4*p + 9*p = 25. Suppose -5*h - p + 0 = 0. Let x be h/(-3)*0/(-1). Let c(j) = j**2 - j - 5. What is c(x)?
-5
Let g be 1*-1 + 3*2. Let n(k) = k. Let v(u) = 3*u + 65. Let c be v(-22). Let y(j) = 2*j - 5. Let s(a) = c*n(a) + y(a). Give s(g).
0
Let y(q) be the first derivative of -3/2*q**2 - 1/3*q**3 + 1/4*q**4 - 10 + 2*q. Determine y(2).
0
Let d(c) = 2*c - 8. Suppose -3*j - 2*k - 2 = -4, -2*k + 2 = j. Determine d(j).
-8
Let v(o) be the third derivative of -o**5/60 + 7*o**4/24 + o**3/3 + o**2 - 40. What is